 List the prime factors of i.
2, 3, 5, 23
Let b(z) = -84*z - 3. Suppose -x + 5*x = 28. Let d be (x + -10)*-1*2/(-6). List the prime factors of b(d).
3
Let d(x) = -6 + 9*x**2 + 4 - 4*x + 1. Suppose -116*j + 115*j + 3 = 0. What are the prime factors of d(j)?
2, 17
Let q = 86 - 52. Let c = 88 - q. What are the prime factors of c?
2, 3
Suppose 5*r - 40446 = j, -4*r - 3*j + 34528 = 2194. What are the prime factors of r?
2, 3, 337
Let w be (-1)/1*(-1)/(1/68). Suppose 17 - w = -3*r. List the prime factors of r + -15 - -2*1.
2
Suppose -5*j - 1109 = -4*m, 4*m + 280 + 379 = -3*j. Let t be j/34 - (-2)/(-4). What are the prime factors of (-1)/((21/150)/t)?
2, 5
Let u be ((-7)/1)/(13/(-1118)). Suppose -10*d + 3792 - u = 0. What are the prime factors of d?
11, 29
Suppose 4*y - 8 = -5*j, -3*y + 2*y = j - 2. Suppose -5*z = -4*r + 630, 0*z + z + y = 0. List the prime factors of r.
5, 31
Let x be ((-4)/(-6) + 0)*(-3)/(-2). Let b(o) = 347*o**3 + o**2 - 2*o + 1. What are the prime factors of b(x)?
347
Let y be (-5632)/(-24)*(-27)/(-4). Let h = y + -1044. What are the prime factors of h?
2, 3, 5
Suppose 51720 = 50*g - 42*g. List the prime factors of g/35 - -3*4/42.
5, 37
Suppose 0 = 4*q + 3*c - 13, -4 = 2*c - 10. Suppose -4*j - q = -9. Suppose -34 + j = -m. List the prime factors of m.
2
Suppose 0 = 2*h - 26*m + 30*m + 724, 5*m = -2*h - 727. List the prime factors of h/(6 - (-272)/(-44)).
2, 11, 89
Suppose 0 = -7*v + 9*v - 8. What are the prime factors of v/4 - -1 - (-447)/1?
449
Suppose n + 3*o = 3329, 0 = -2*n + 5*o - 45 + 6769. What are the prime factors of n?
3347
Let i(n) = 172*n**2 + 45*n + 46. What are the prime factors of i(6)?
2, 1627
Suppose 0 = -7*d + 408 + 9280. Suppose 238*x - 230*x - d = 0. What are the prime factors of x?
173
Let o = 76242 - 32188. What are the prime factors of o?
2, 22027
Let w(y) = 8*y**3 + 5*y**2 + 11*y. Let l(b) = 17*b**3 + 9*b**2 + 21*b. Let j(s) = 4*l(s) - 7*w(s). List the prime factors of j(3).
2, 3, 59
Let w be (2 - (-2)/(-2))*(142 - 19). Suppose f - w = i, -4*f - f + 4*i + 610 = 0. Suppose 5*r - f = 142. What are the prime factors of r?
2, 13
Let r(f) = 160*f**3 - 3*f**2 - 15*f + 13. List the prime factors of r(5).
3, 2207
Suppose 0 = -3*u + 4*o + 25523, -5*u = o - 33726 - 8797. What are the prime factors of u?
3, 5, 7
Suppose 176*p - 112524 = 107490 - 75342. List the prime factors of p.
2, 3, 137
Let r be -7 + (-26064)/(-6) + -6. Suppose 0 = -5*s + 3*q + r + 2669, 2800 = 2*s + 5*q. What are the prime factors of s?
2, 5, 7
Suppose -4*g = 2*p, 0 = p - 2*p - 3*g. Let j = -21 + 21. List the prime factors of 1*(41 + p) - j.
41
Let o(a) = -91*a + 15. Let j be o(6). Let q = -270 - j. What are the prime factors of (q/(-4) + 9/(-12))*-1?
2, 3, 11
Let o be (-22)/(-176) + (-9)/8. What are the prime factors of o - -596 - (4 + -3)?
2, 3, 11
Let b be 40/6*(-3)/(-24)*12. Suppose -b*r + 3003 = -1657. List the prime factors of r.
2, 233
Let s(a) = 1 + 2 - 17*a + a**3 + 3 + 69*a**2 - 71*a**2. List the prime factors of s(11).
2, 227
Let s = 51156 - 27045. List the prime factors of s.
3, 19, 47
Let w = 324 + -317. Suppose -w*t = -3105 - 1984. List the prime factors of t.
727
Let k(p) = p**3 + 51*p**2 - 14*p + 659. What are the prime factors of k(-46)?
3, 17, 233
Suppose 2*v - 13 - 33 = -4*y, 4*v = -3*y + 22. Suppose -4191 = y*g - 12871. List the prime factors of g.
2, 5, 31
Let i = 4374 - -2331. List the prime factors of i.
3, 5, 149
Let k = 56 + 74. Suppose 3*h - 836 - k = 0. List the prime factors of h.
2, 7, 23
Let b = 29568 - -24265. What are the prime factors of b?
13, 41, 101
Let g(t) be the second derivative of t**5/20 - 4*t**4/3 - t**3 + 19*t**2/2 - 3*t. Let m be g(17). Let v = m + -133. What are the prime factors of v?
73
Let v(m) = 5*m**3 - 2*m**2 - 5*m - 6. Let y be ((-8)/(-3))/((-20)/30). Let h be ((-2)/12)/((-22)/(-99))*y. List the prime factors of v(h).
2, 3
Let q = -115 - -117. Suppose -q*z + 3*z + 5*i - 448 = 0, -2*z + 4*i = -868. What are the prime factors of z?
2, 3, 73
Suppose 2*y + 18 = m, 5*y = m + 12 - 30. Let x(c) = 8*c**2 - 40*c + 51. Let g(b) = -b**2 + b - 1. Let s(f) = 6*g(f) + x(f). What are the prime factors of s(m)?
3
Let g = -163 - -160. Let u(y) = 3 + y - y**3 - 2*y - 6*y**3 + 4*y**2 + 2*y**2. List the prime factors of u(g).
3, 83
Let v be (4/6)/(1120/(-189) - -6). Suppose 0 = -4*q + 2*t + 4434, -v*q + 12*q - 3322 = -2*t. What are the prime factors of q?
2, 277
Let f(r) = 7*r + 150. Let m be f(-12). Let s = 311 + -213. Let x = s - m. List the prime factors of x.
2
Let g be (-2)/5 + (15911/(-35) - 2). Let j = 1644 + g. What are the prime factors of j?
1187
Suppose -5*q + 3*h + 19470 = 0, q = 16*h - 11*h + 3872. List the prime factors of q.
3, 433
Suppose -5*g + 113 = i, g - 500 = -4*i - 10. Let w be -5 - (-3 + 4)*-5. Suppose 0 = -t + 5*v + i, w*t - 5*v + 163 = t. List the prime factors of t.
11, 13
Suppose -2*h - 12691 = -z, -230*z + 229*z = 3*h - 12661. List the prime factors of z.
31, 409
Let f be ((-265484)/(-155))/(1*1/5). Suppose 10*t - f - 806 = 0. What are the prime factors of t?
937
Let x = -9791 - -13935. List the prime factors of x.
2, 7, 37
Let l be ((-26)/(-2))/(1 + 4 - 6). Let g = 13 + l. Suppose g*r - 93 = -3*r. List the prime factors of r.
31
Suppose 0 = y - 0*y, 3*s - 3*y = 8556. List the prime factors of s.
2, 23, 31
Let q = -10535 - -14163. What are the prime factors of q?
2, 907
Suppose -c - h + 424 = 0, -8*h = -2*c - 3*h + 813. Suppose 0 = 5*u - u + 5*t - 429, 4*u - 5*t - c = 0. What are the prime factors of u?
2, 53
Suppose 2*z + 74 + 12 = -2*y, 0 = -y - 1. Let r = 87 + z. Let h = 121 - r. What are the prime factors of h?
2, 19
Let r(p) = p**2 + 28*p + 24. Let t be r(-27). Let w be -564*8/36*t. Suppose -w = -4*f - 2*c, 0 = f - 5*c - 61 - 22. What are the prime factors of f?
3, 31
Let f(q) = 492*q**2 + 55*q + 144. List the prime factors of f(-3).
3, 13, 113
Suppose 3*l = 49*l + 2438. Let y = l + 167. List the prime factors of y.
2, 3, 19
Let o(l) = -332*l + 694. What are the prime factors of o(-33)?
2, 5, 233
Suppose 0 = -10*s + 2 + 18. Suppose 4*m = -s*t + 286, 83 = 3*m + 4*t - 144. Let a = m - 59. What are the prime factors of a?
2, 5
Let m = -20643 + 40786. What are the prime factors of m?
20143
Let y(m) = -m**3 - m**2 + m - 3. Let b be y(0). Let f be 3/b*2/((-4)/22). Suppose p - f = -4*v, 7*p - 13 = 2*p + v. List the prime factors of p.
3
Let x(g) = 703 + 120*g - 228 - 237 - 230. List the prime factors of x(7).
2, 53
Suppose -6236 = 21*m + 5881. Let y = -140 - m. What are the prime factors of y?
19, 23
Let a(b) = 5*b - 84. Let n be a(18). Suppose 0 = 2*s - n, -253 = -k - 5*s + 526. What are the prime factors of k?
2, 191
Let v(j) = -j**2 + 39*j + 92. Let t be v(41). Suppose -3*k = -2*k - 5. Suppose -57 = -k*z + m + t, 3*m + 32 = 2*z. List the prime factors of z.
13
Let f(m) = m**3 + 45*m**2 - 127*m + 381. List the prime factors of f(-43).
2, 3, 5, 53
Let v(x) = -x**2 - 4*x + 38. Let d be v(-6). Suppose d*g = 3*g + 2967. List the prime factors of g.
3, 43
Let x(l) = -37*l**2 + 6*l - 16. Let j be x(5). Let y = j + 1606. Suppose 6*u - 103 - y = 0. What are the prime factors of u?
7, 19
What are the prime factors of -17 + (-18)/(-2) - -2522?
2, 3, 419
Suppose -11*z - 12*z + 10*z + 205387 = 0. List the prime factors of z.
7, 37, 61
Suppose 3*w - 598 = 32*y - 30*y, -218 = -w - 4*y. Let s = w - 23. List the prime factors of s.
179
Let r(j) = -3*j**2 - 12*j + 180. Let y(n) = -4*n**2 - 11*n + 184. Let m(d) = 5*r(d) - 4*y(d). What are the prime factors of m(30)?
2, 73
Suppose -1188 + 6596 = -13*r. Let x = 873 + r. List the prime factors of x.
457
Let u(i) = -4*i - 12. Let f(m) = -m. Let y(k) = 5*f(k) - u(k). Let b be y(8). List the prime factors of (-2100)/(-48) - (-1)/b.
2, 11
Let d(h) = -h**3 - 18*h**2 - 16*h + 19. Let l be d(-17). List the prime factors of (-1)/l + 6510/12.
2, 271
Let f = 7220 - -315. What are the prime factors of f?
5, 11, 137
Let s = -288 - -292. Let w(t) = -t + 8. Let o be w(0). Suppose -l - z = s*z - 66, -4*z = o. What are the prime factors of l?
2, 19
Suppose -4*i = 11 + 13. List the prime factors of i/15 + (-9522)/(-30) + 0.
317
Let f(z) = z**3 + 6*z**2 + 2*z - 10. Let k be f(-5). What are the prime factors of 6/(k - -7)*1006?
503
Suppose -2*y - 5*w + 77796 = 0, 50*y +